{"id":88,"date":"2021-05-16T17:50:08","date_gmt":"2021-05-16T17:50:08","guid":{"rendered":"https:\/\/ogniskoakolada.com\/?page_id=88"},"modified":"2025-10-17T08:56:34","modified_gmt":"2025-10-17T08:56:34","slug":"nasze-osiagniecia","status":"publish","type":"page","link":"https:\/\/ogniskoakolada.com\/index.php\/nasze-osiagniecia\/","title":{"rendered":"Zobacz Nasze Materia\u0142y: Uczniowie w Akcji"},"content":{"rendered":"\n<p>Tu prezentujemy wybrane materia\u0142y przedstawiaj\u0105ce prac\u0119 naszych uczni\u00f3w. Wi\u0119cej mo\u017cna znale\u017a\u0107 na naszym profilu FB oraz kanale You Tube.                          <\/p>\n\n\n\n<p class=\"has-text-align-left\"><a href=\"http:\/\/www.facebook.com\/ogniskoakolada\" target=\"_blank\" rel=\"noopener\" title=\"\"><strong><span class=\"has-inline-color has-accent-color\">www.facebook.com\/ogniskoakolada<\/span><\/strong> <\/a> <strong><span class=\"has-inline-color has-accent-color\"><a href=\"https:\/\/www.youtube.com\/channel\/UCvGshdQrZn1IitD1KuJ6oKA\" target=\"_blank\" rel=\"noopener\" title=\"\">https:\/\/www.youtube.com\/channel\/UCvGshdQrZn1IitD1KuJ6oKA<\/a><\/span><\/strong><\/p>\n\n\n\n<figure class=\"wp-block-video\"><video height=\"224\" style=\"aspect-ratio: 400 \/ 224;\" width=\"400\" controls src=\"https:\/\/ogniskoakolada.com\/wp-content\/uploads\/2025\/10\/Plazowy-blues.mp4\" playsinline><\/video><figcaption class=\"wp-element-caption\">Owoc pracy w domu w czasach pandemii.<\/figcaption><\/figure>\n\n\n\n<figure class=\"wp-block-video\"><video height=\"720\" style=\"aspect-ratio: 1280 \/ 720;\" width=\"1280\" controls src=\"https:\/\/ogniskoakolada.com\/wp-content\/uploads\/2025\/10\/Californication-Red-Hot-Chili-Peppers.mp4\"><\/video><figcaption class=\"wp-element-caption\">Fragment z Koncertu AKOLADY w 2024 roku.<\/figcaption><\/figure>\n\n\n\n<figure class=\"wp-block-embed is-type-video is-provider-youtube wp-block-embed-youtube wp-embed-aspect-16-9 wp-has-aspect-ratio\"><div class=\"wp-block-embed__wrapper\">\n<span class=\"embed-youtube\" style=\"text-align:center; display: block;\"><iframe class=\"youtube-player\" width=\"580\" height=\"327\" src=\"https:\/\/www.youtube.com\/embed\/CJnsbdpXsZ0?version=3&#038;rel=1&#038;showsearch=0&#038;showinfo=1&#038;iv_load_policy=1&#038;fs=1&#038;hl=pl-PL&#038;autohide=2&#038;wmode=transparent\" allowfullscreen=\"true\" style=\"border:0;\" sandbox=\"allow-scripts allow-same-origin allow-popups allow-presentation allow-popups-to-escape-sandbox\"><\/iframe><\/span>\n<\/div><\/figure>\n\n\n\n<figure class=\"wp-block-embed is-type-video is-provider-youtube wp-block-embed-youtube wp-embed-aspect-16-9 wp-has-aspect-ratio\"><div class=\"wp-block-embed__wrapper\">\n<span class=\"embed-youtube\" style=\"text-align:center; display: block;\"><iframe class=\"youtube-player\" width=\"580\" height=\"327\" src=\"https:\/\/www.youtube.com\/embed\/tcrYhFD9vvY?version=3&#038;rel=1&#038;showsearch=0&#038;showinfo=1&#038;iv_load_policy=1&#038;fs=1&#038;hl=pl-PL&#038;autohide=2&#038;wmode=transparent\" allowfullscreen=\"true\" style=\"border:0;\" sandbox=\"allow-scripts allow-same-origin allow-popups allow-presentation allow-popups-to-escape-sandbox\"><\/iframe><\/span>\n<\/div><\/figure>\n\n\n\n<figure class=\"wp-block-video\"><video height=\"720\" style=\"aspect-ratio: 1280 \/ 720;\" width=\"1280\" controls src=\"https:\/\/ogniskoakolada.com\/wp-content\/uploads\/2021\/05\/Imagine-2-Stefcia.mp4\"><\/video><figcaption class=\"wp-element-caption\">&#8222;Imagine&#8221; J.Lennona w wykonaniu Stefanii Bobkiewicz<\/figcaption><\/figure>\n\n\n\n<figure class=\"wp-block-embed is-type-video is-provider-youtube wp-block-embed-youtube wp-embed-aspect-16-9 wp-has-aspect-ratio\"><div class=\"wp-block-embed__wrapper\">\n<span class=\"embed-youtube\" style=\"text-align:center; display: block;\"><iframe class=\"youtube-player\" width=\"580\" height=\"327\" src=\"https:\/\/www.youtube.com\/embed\/vSuinavWQRU?version=3&#038;rel=1&#038;showsearch=0&#038;showinfo=1&#038;iv_load_policy=1&#038;fs=1&#038;hl=pl-PL&#038;autohide=2&#038;wmode=transparent\" allowfullscreen=\"true\" style=\"border:0;\" sandbox=\"allow-scripts allow-same-origin allow-popups allow-presentation allow-popups-to-escape-sandbox\"><\/iframe><\/span>\n<\/div><\/figure>\n\n\n\n<p><\/p>\n\n\n\n<figure class=\"wp-block-embed is-type-video is-provider-youtube wp-block-embed-youtube wp-embed-aspect-16-9 wp-has-aspect-ratio\"><div class=\"wp-block-embed__wrapper\">\n<span class=\"embed-youtube\" style=\"text-align:center; display: block;\"><iframe class=\"youtube-player\" width=\"580\" height=\"327\" src=\"https:\/\/www.youtube.com\/embed\/0klXOx9Lp3U?version=3&#038;rel=1&#038;showsearch=0&#038;showinfo=1&#038;iv_load_policy=1&#038;fs=1&#038;hl=pl-PL&#038;autohide=2&#038;wmode=transparent\" allowfullscreen=\"true\" style=\"border:0;\" sandbox=\"allow-scripts allow-same-origin allow-popups allow-presentation allow-popups-to-escape-sandbox\"><\/iframe><\/span>\n<\/div><\/figure>\n\n\n\n<figure class=\"wp-block-video\"><video height=\"720\" style=\"aspect-ratio: 960 \/ 720;\" width=\"960\" controls src=\"https:\/\/ogniskoakolada.com\/wp-content\/uploads\/2021\/06\/s.-patetyczna-cz.-3-Klara.mp4\"><\/video><figcaption class=\"wp-element-caption\">Sonata &#8222;Patetyczna&#8221; cz.3 L. van Beethovena w wykonaniu Klary Lukas<\/figcaption><\/figure>\n","protected":false},"excerpt":{"rendered":"<p>Tu prezentujemy wybrane materia\u0142y przedstawiaj\u0105ce prac\u0119 naszych uczni\u00f3w. Wi\u0119cej mo\u017cna znale\u017a\u0107 na naszym profilu FB oraz kanale You Tube. www.facebook.com\/ogniskoakolada https:\/\/www.youtube.com\/channel\/UCvGshdQrZn1IitD1KuJ6oKA<\/p>\n","protected":false},"author":2,"featured_media":0,"parent":0,"menu_order":16,"comment_status":"closed","ping_status":"closed","template":"","meta":{"om_disable_all_campaigns":false,"_monsterinsights_skip_tracking":false,"_monsterinsights_sitenote_active":false,"_monsterinsights_sitenote_note":"","_monsterinsights_sitenote_category":0,"_uf_show_specific_survey":0,"_uf_disable_surveys":false,"footnotes":""},"class_list":["post-88","page","type-page","status-publish","hentry"],"aioseo_notices":[],"jetpack_sharing_enabled":true,"_links":{"self":[{"href":"https:\/\/ogniskoakolada.com\/index.php\/wp-json\/wp\/v2\/pages\/88","targetHints":{"allow":["GET"]}}],"collection":[{"href":"https:\/\/ogniskoakolada.com\/index.php\/wp-json\/wp\/v2\/pages"}],"about":[{"href":"https:\/\/ogniskoakolada.com\/index.php\/wp-json\/wp\/v2\/types\/page"}],"author":[{"embeddable":true,"href":"https:\/\/ogniskoakolada.com\/index.php\/wp-json\/wp\/v2\/users\/2"}],"replies":[{"embeddable":true,"href":"https:\/\/ogniskoakolada.com\/index.php\/wp-json\/wp\/v2\/comments?post=88"}],"version-history":[{"count":26,"href":"https:\/\/ogniskoakolada.com\/index.php\/wp-json\/wp\/v2\/pages\/88\/revisions"}],"predecessor-version":[{"id":12691,"href":"https:\/\/ogniskoakolada.com\/index.php\/wp-json\/wp\/v2\/pages\/88\/revisions\/12691"}],"wp:attachment":[{"href":"https:\/\/ogniskoakolada.com\/index.php\/wp-json\/wp\/v2\/media?parent=88"}],"curies":[{"name":"wp","href":"https:\/\/api.w.org\/{rel}","templated":true}]}}